 m = 6 - 3. What is the greatest common factor of m and c?
3
Suppose -5*b + 3 = -2. Suppose 3*o + 2*c - 3 = -2*c, 5*o - 5 = -3*c. What is the greatest common factor of b and o?
1
Let h = 3 + 23. What is the greatest common factor of 39 and h?
13
Let w(p) = 4*p - 2. Let l be w(2). Let y be (-2)/((-4)/6) - 2. Let h be (2*5)/(y/l). What is the greatest common divisor of 12 and h?
12
Suppose -3*p = 2*v - 394 - 856, -4*v + 420 = p. Suppose 4*z + w - 326 = 6*w, -p = -5*z + 2*w. Calculate the highest common divisor of z and 12.
12
Let f = 4 + -1. Suppose -2*m + 25 = f*m + 5*z, 4*m = 3*z + 20. What is the greatest common factor of m and 15?
5
Let i(w) = w**3 + 6*w**2 - 5*w - 4. Let z be i(-4). Suppose z = u + u. What is the greatest common factor of u and 60?
12
Suppose 5*j + 2268 = 11*j. What is the greatest common divisor of j and 42?
42
Let i be (3*1)/(6/10). Suppose -i*m + 17 = -g, m + 2 = 7. Calculate the greatest common factor of 16 and g.
8
Let i = 8 - 37. Let b = 42 + i. What is the highest common factor of b and 117?
13
Suppose 5*u + b = 678, 525 = 3*u + u - 5*b. Calculate the highest common divisor of u and 54.
27
Let w be 1 - 159/(-6)*2. What is the greatest common divisor of w and 6?
6
Let g be ((-104)/(-24))/(1/27). Calculate the highest common factor of 39 and g.
39
Let o be (1 + -4)/(-3) - -1. Suppose -3*k - 31 = -2*m - 0*m, -5*m - o*k + 68 = 0. Calculate the highest common divisor of 35 and m.
7
Suppose -5*n + 8 = -2. Let l be 3/(-2)*-2 + -1. What is the highest common divisor of l and n?
2
Let s be 0/(-2 + -3 + 4). Suppose 5*p - 9 - 36 = s. Calculate the highest common factor of p and 27.
9
Let j = 4 - -73. Suppose 3*a = a + 38. Let z = a + -8. What is the highest common divisor of j and z?
11
Suppose 0 = -y + 5. Let b(x) = x - 5. Let p be b(y). Suppose 3*j - 5 = -p*g - 2*g, -2*j + 25 = -3*g. Calculate the highest common factor of 1 and j.
1
Suppose -3*f + 6 = -0. Let y be (f/4)/((-1)/(-16)). Let i(t) = -33*t + 23. Let u be i(-1). What is the highest common factor of u and y?
8
Suppose 0 = -2*z + z + 1. Let p be (-1)/1*(z + -3). Let l be (-1)/(p/(-6)) - -51. Calculate the greatest common factor of 18 and l.
18
Let c = 8 - 4. What is the greatest common factor of c and 2?
2
Let m(k) = 14*k**2 - 4*k + 3. Let x be m(2). Calculate the greatest common divisor of x and 34.
17
Suppose -3*w + 62 = m + 3, 2*m - 5*w = 140. Let r = -10 + 10. Suppose r = 5*u - j - m, -5*j + 11 = 3*u - 0. Calculate the greatest common factor of 12 and u.
12
Let c(n) = -26*n**3 + n**2 + n + 2. Let y be c(-1). What is the highest common divisor of 42 and y?
14
Let a be 191/4 - (2 + 27/(-12)). Calculate the highest common divisor of 24 and a.
24
Let f = 4 - 13. Let h = 3 + f. Let g = 3 - h. Calculate the highest common factor of 45 and g.
9
Suppose 4*v + 2*i + 0*i + 6 = 0, -i - 3 = -5*v. Let x be -2 + 5*(v + 1). Let q be (4/x)/((-4)/(-102)). Calculate the highest common factor of 17 and q.
17
Suppose 9 = 3*a, 4*s - 3*a = -5*a + 230. Let v be s/3*15/10. What is the greatest common factor of v and 4?
4
Let v(f) = -f**2 + 7*f + 6. Let o be v(7). Suppose 0 = -5*m + n + 320, 2*m - 111 = -o*n + 3*n. What is the greatest common factor of 9 and m?
9
Suppose 47 = 2*c - 5. What is the greatest common factor of 65 and c?
13
Let r be 2/3*(56 - 2). Let p = r - 22. What is the highest common factor of 2 and p?
2
Suppose -3*t - 3*d + 6*d + 102 = 0, 2*t + d = 62. Calculate the greatest common divisor of t and 80.
16
Let w be -6*(-14 - (-1 + -1)). What is the highest common factor of 9 and w?
9
Let j(v) = -2*v**3 - 4*v**2 + 5*v + 12. Let r be j(-4). What is the greatest common factor of r and 14?
14
Suppose -2*r - 2*r + 640 = 0. What is the highest common factor of r and 20?
20
Let l(s) = s**2 - 11*s - 6. Let d be l(8). Let t = d - -51. Calculate the highest common factor of t and 14.
7
Let p(s) = -14*s**3 - 3*s - 2. Let u be p(-1). What is the greatest common divisor of 105 and u?
15
Let p be (-1)/(11/(-5) - -2). Suppose p*b = 6*b + 5*i - 27, -4*b = 2*i - 18. Calculate the greatest common divisor of b and 3.
1
Let y = 4 - -7. Suppose y = -g + 3*g + 3*o, -5*o + 21 = 4*g. Suppose -g = -a + 1. Calculate the highest common factor of 35 and a.
5
Suppose 175 = 4*i + 5*n, -7*i + 230 = -2*i - 5*n. Let h = 4 + 14. What is the greatest common factor of i and h?
9
Suppose 0 = -l + 4*l - 30. Suppose 4*t + 2*r = 86, 37 - 6 = 2*t - 3*r. Calculate the greatest common factor of l and t.
10
Suppose -23 = 5*j + 62. Let t = -9 - j. Let p be 20*(2 - 8/5). Calculate the highest common divisor of p and t.
8
Let p be ((-15)/(-12))/(4/432). Calculate the highest common divisor of p and 54.
27
Let b be (-20 - 2)/(-7 - -5). Calculate the highest common factor of 88 and b.
11
Suppose 358 = 7*d + 50. What is the highest common divisor of d and 352?
44
Let f = 124 + 107. Let t(o) = 104*o**3 + o**2 - o - 1. Let i be t(-1). Let q be (-4)/(-10) - i/5. Calculate the greatest common divisor of q and f.
21
Let k be (-116)/(-20) + (-1)/(-5). Suppose -i + 2*i = k. Calculate the highest common divisor of i and 2.
2
Let y be (3/10*-4)/((-4)/10). Calculate the highest common divisor of 51 and y.
3
Suppose -10 - 2 = -2*x. Let y be (18/7)/((-21)/(-392)). Calculate the highest common divisor of x and y.
6
Let q(b) = -b**2 + 10*b + 10. Let l be q(7). Suppose 5*k + l = 4*n, k = n + 2*k - 1. Let u be 35 - (1 + 1)/(-2). What is the greatest common divisor of u and n?
4
Let n(w) = 22*w. Let g be n(2). Suppose 2*o - 5*i = 18, 0 = 3*o + 5*i + 1 - 3. Calculate the greatest common divisor of o and g.
4
Let b(z) = -2*z**2 - 33*z - 14. Let d be b(-14). What is the highest common divisor of 28 and d?
28
Let v = -12 - -20. Suppose -2*l + 3*l = v. Suppose -5*q - 75 = -l*q. Calculate the greatest common factor of q and 5.
5
Suppose 0 = l + b - 6, -3*l + 15 = -0*b + 2*b. Let n = l - 0. What is the greatest common divisor of 1 and n?
1
Let y = 128 + -98. What is the highest common divisor of 20 and y?
10
Suppose -6 - 34 = -4*t. Calculate the greatest common divisor of 25 and t.
5
Let t(r) = -110*r + 4. Let k(w) = -55*w + 2. Let h(l) = -5*k(l) + 2*t(l). Let d be h(2). Calculate the highest common divisor of d and 12.
12
Let x be (4/(-6))/(4/(-12)). Suppose -x*y - y = -30. Suppose -5 = -f + y. Calculate the highest common divisor of f and 135.
15
Suppose 5*f = 2*f + 9. Suppose -7*b + 2*i = -3*b - 14, f*b - 2*i - 9 = 0. Suppose -5*r - 47 = -172. Calculate the greatest common divisor of b and r.
5
Suppose 2*p = -2*g + 266, -3*p + 396 = -24*g + 28*g. Suppose -3*h = a - 26, 0 = -a - 0*h - h + 20. What is the greatest common factor of a and p?
17
Suppose l + 39 = 94. Let h(q) = q**2 + 2. Let o be h(3). What is the highest common divisor of o and l?
11
Suppose 0*w - 5*w + 50 = 0. Suppose -3*p + p = -10. What is the highest common factor of w and p?
5
Let y = 43 - 26. Let s(r) = -r + 7. Let g be s(4). Suppose 3*d + g*p = 198, 2*d = 7*d + 4*p - 332. What is the highest common divisor of d and y?
17
Let p(x) = 0*x + 3 - x - 8. Let d be p(-7). Let i be (d/4)/((-4)/(-448)). What is the highest common factor of 7 and i?
7
Let r be (10/(-1))/(1/2). Let n be (4 + -1)/((-4)/r). Calculate the highest common factor of n and 105.
15
Let y(b) = -b**2 + 6*b + 4. Let x be y(4). Let j = -188 - -320. Calculate the greatest common factor of j and x.
12
Suppose t = -k - 0*k + 3, 2*k - 8 = -t. Calculate the greatest common divisor of k and 40.
5
Let j = 0 + 10. Let u(f) = -f**2 + 11*f - 7. Let b be u(j). Suppose 2*q - 13 - b = 0. What is the greatest common factor of q and 16?
8
Let l be (6/(-8))/((-3)/132). Let f = l + 7. Suppose -2*z + 11 = -21. What is the greatest common divisor of f and z?
8
Suppose 5*h + 7*q = 5*q + 68, -4*q = 4*h - 64. Suppose 0 = 2*l - 2 - 4. Let t be 0 + 12/l + 2. What is the greatest common divisor of t and h?
6
Suppose -20 = -5*r + r. Calculate the highest common divisor of r and 1.
1
Let x(f) = 1. Let j(n) = -n + 4. Let c(z) = -2*j(z) + 7*x(z). Let t be c(8). What is the highest common divisor of 15 and t?
15
Let f be (12/(-5))/((-6)/20). Calculate the highest common factor of 8 and f.
8
Let p(v) = -v**3 - 8*v**2 - 5*v + 3. Let r be p(-7). Let q be (-4)/22 + (-24)/r. What is the greatest common divisor of 14 and q?
2
Suppose -4*c + 0*c